{"id":132,"date":"2025-03-10T09:02:13","date_gmt":"2025-03-10T08:02:13","guid":{"rendered":"https:\/\/gdm.sosthe.sk\/~abrada\/?page_id=132"},"modified":"2025-03-10T09:02:13","modified_gmt":"2025-03-10T08:02:13","slug":"formular-creation","status":"publish","type":"page","link":"https:\/\/gdm.sosthe.sk\/~abrada\/formular-creation\/","title":{"rendered":"Formular creation"},"content":{"rendered":"<h3><strong>\u00daloha:\u00a0Vytvorte registra\u010dn\u00fd formul\u00e1r ako HTML dokument s n\u00e1zvom\u00a0<em>formular.html<\/em>, ktor\u00fd bude obsahova\u0165 polo\u017eky pod\u013ea zadania a po odoslan\u00ed ktor\u00e9ho sa zobraz\u00ed PHP script\u00a0<em>udaje.php<\/em>\u00a0kde sa zobrazia v\u0161etky polo\u017eky formul\u00e1ra.<\/strong><\/h3>\n<h3><strong>Zadanie \u00falohy:\u00a0Registra\u010dn\u00fd formul\u00e1r m\u00e1 obsahova\u0165 nasleduj\u00face polo\u017eky:<\/strong><\/h3>\n<h3><strong>\u2013\u00a0\u00a0\u00a0\u00a0\u00a0\u00a0\u00a0 Osobn\u00e9 \u00fadaje: Meno, priezvisko, d\u00e1tum narodenia, miesto narodenia<\/strong><\/h3>\n<h3><strong>\u2013\u00a0\u00a0\u00a0\u00a0\u00a0\u00a0\u00a0 Bydlisko: ulica, \u010d\u00edslo popisn\u00e9, mesto, PS\u010c<\/strong><\/h3>\n<h3><strong>\u2013\u00a0\u00a0\u00a0\u00a0\u00a0\u00a0\u00a0 \u010eal\u0161ie \u00fadaje: \u0161t\u00e1tna pr\u00edslu\u0161nos\u0165, pohlavie, vek, \u0161kola<\/strong><\/h3>\n<h3><strong>\u2013\u00a0\u00a0\u00a0\u00a0\u00a0\u00a0\u00a0 V\u00a0ktor\u00e9 dni m\u00e1me predmet EPU: p\u00e1rny a\u00a0nep\u00e1rny t\u00fd\u017ede\u0148<\/strong><\/h3>\n<h3><strong>\u2013\u00a0\u00a0\u00a0\u00a0\u00a0\u00a0\u00a0 S\u00fahlas so spracovan\u00edm \u00fadajov<\/strong><\/h3>\n<h3><strong>\u2013\u00a0\u00a0\u00a0\u00a0\u00a0\u00a0\u00a0 Odosielacie tla\u010d\u00edtko<\/strong><\/h3>\n<h3><strong>Podmienky:\u00a0Vytvoren\u00fd dokument umiestnite na svoj blog v\u00a0polo\u017eke PHP ako \u201eZadanie \u010d.12 Tvorba formul\u00e1ra\u201c s\u00a0pln\u00fdm znen\u00edm \u00falohy a\u00a0odkazom na s\u00fabor\u00a0<em>formular.php<\/em><\/strong><\/h3>\n<p><a href=\"https:\/\/gdm.sosthe.sk\/~abrada\/zadania\/formule.html\">odkaz<\/a><\/p>\n","protected":false},"excerpt":{"rendered":"<p>\u00daloha:\u00a0Vytvorte registra\u010dn\u00fd formul\u00e1r ako HTML dokument s n\u00e1zvom\u00a0formular.html, ktor\u00fd bude obsahova\u0165 polo\u017eky pod\u013ea zadania a po odoslan\u00ed ktor\u00e9ho sa zobraz\u00ed PHP script\u00a0udaje.php\u00a0kde sa zobrazia v\u0161etky polo\u017eky formul\u00e1ra. Zadanie \u00falohy:\u00a0Registra\u010dn\u00fd formul\u00e1r m\u00e1 obsahova\u0165 nasleduj\u00face polo\u017eky: \u2013\u00a0\u00a0\u00a0\u00a0\u00a0\u00a0\u00a0 Osobn\u00e9 \u00fadaje: Meno, priezvisko, d\u00e1tum narodenia, miesto narodenia \u2013\u00a0\u00a0\u00a0\u00a0\u00a0\u00a0\u00a0 Bydlisko: ulica, \u010d\u00edslo popisn\u00e9, mesto, PS\u010c \u2013\u00a0\u00a0\u00a0\u00a0\u00a0\u00a0\u00a0 \u010eal\u0161ie \u00fadaje: \u0161t\u00e1tna pr\u00edslu\u0161nos\u0165, &hellip; <\/p>\n<p class=\"link-more\"><a href=\"https:\/\/gdm.sosthe.sk\/~abrada\/formular-creation\/\" class=\"more-link\">Pokra\u010dova\u0165 v \u010d\u00edtan\u00ed<span class=\"screen-reader-text\"> &#8222;Formular creation&#8220;<\/span><\/a><\/p>\n","protected":false},"author":1,"featured_media":0,"parent":0,"menu_order":0,"comment_status":"closed","ping_status":"closed","template":"","meta":{"footnotes":""},"class_list":["post-132","page","type-page","status-publish","hentry"],"_links":{"self":[{"href":"https:\/\/gdm.sosthe.sk\/~abrada\/wp-json\/wp\/v2\/pages\/132","targetHints":{"allow":["GET"]}}],"collection":[{"href":"https:\/\/gdm.sosthe.sk\/~abrada\/wp-json\/wp\/v2\/pages"}],"about":[{"href":"https:\/\/gdm.sosthe.sk\/~abrada\/wp-json\/wp\/v2\/types\/page"}],"author":[{"embeddable":true,"href":"https:\/\/gdm.sosthe.sk\/~abrada\/wp-json\/wp\/v2\/users\/1"}],"replies":[{"embeddable":true,"href":"https:\/\/gdm.sosthe.sk\/~abrada\/wp-json\/wp\/v2\/comments?post=132"}],"version-history":[{"count":1,"href":"https:\/\/gdm.sosthe.sk\/~abrada\/wp-json\/wp\/v2\/pages\/132\/revisions"}],"predecessor-version":[{"id":133,"href":"https:\/\/gdm.sosthe.sk\/~abrada\/wp-json\/wp\/v2\/pages\/132\/revisions\/133"}],"wp:attachment":[{"href":"https:\/\/gdm.sosthe.sk\/~abrada\/wp-json\/wp\/v2\/media?parent=132"}],"curies":[{"name":"wp","href":"https:\/\/api.w.org\/{rel}","templated":true}]}}