{"id":141,"date":"2025-04-28T08:51:32","date_gmt":"2025-04-28T06:51:32","guid":{"rendered":"https:\/\/gdm.sosthe.sk\/~abrada\/?page_id=141"},"modified":"2025-04-28T08:51:32","modified_gmt":"2025-04-28T06:51:32","slug":"prispevok-v-php","status":"publish","type":"page","link":"https:\/\/gdm.sosthe.sk\/~abrada\/prispevok-v-php\/","title":{"rendered":"Prispevok v php"},"content":{"rendered":"<h3><strong>\u00daloha:\u00a0Vytvorte webov\u00fa str\u00e1nku, ktor\u00e1 bude pracova\u0165 ako n\u00e1stenka alebo jednoduch\u00fd chat bez pou\u017eitia datab\u00e1zy. S\u00fabor pre formul\u00e1r pre zad\u00e1vanie koment\u00e1rov sa bude naz\u00fdva\u0165 diskusia.txt a s\u00fabor do ktor\u00e9ho bud\u00fa prid\u00e1van\u00e9 koment\u00e1re board.php<\/strong><\/h3>\n<h3><strong>Podmienky:\u00a0Vytvoren\u00fd dokument umiestnite na svoj blog v\u00a0polo\u017eke PHP \u201eZadanie \u010d.15 Diskusia\u201c<\/strong><\/h3>\n<p><a href=\"https:\/\/gdm.sosthe.sk\/~abrada\/zadania\/prispevok.php\">odkaz<\/a><\/p>\n","protected":false},"excerpt":{"rendered":"<p>\u00daloha:\u00a0Vytvorte webov\u00fa str\u00e1nku, ktor\u00e1 bude pracova\u0165 ako n\u00e1stenka alebo jednoduch\u00fd chat bez pou\u017eitia datab\u00e1zy. S\u00fabor pre formul\u00e1r pre zad\u00e1vanie koment\u00e1rov sa bude naz\u00fdva\u0165 diskusia.txt a s\u00fabor do ktor\u00e9ho bud\u00fa prid\u00e1van\u00e9 koment\u00e1re board.php Podmienky:\u00a0Vytvoren\u00fd dokument umiestnite na svoj blog v\u00a0polo\u017eke PHP \u201eZadanie \u010d.15 Diskusia\u201c odkaz<\/p>\n","protected":false},"author":1,"featured_media":0,"parent":0,"menu_order":0,"comment_status":"closed","ping_status":"closed","template":"","meta":{"footnotes":""},"class_list":["post-141","page","type-page","status-publish","hentry"],"_links":{"self":[{"href":"https:\/\/gdm.sosthe.sk\/~abrada\/wp-json\/wp\/v2\/pages\/141","targetHints":{"allow":["GET"]}}],"collection":[{"href":"https:\/\/gdm.sosthe.sk\/~abrada\/wp-json\/wp\/v2\/pages"}],"about":[{"href":"https:\/\/gdm.sosthe.sk\/~abrada\/wp-json\/wp\/v2\/types\/page"}],"author":[{"embeddable":true,"href":"https:\/\/gdm.sosthe.sk\/~abrada\/wp-json\/wp\/v2\/users\/1"}],"replies":[{"embeddable":true,"href":"https:\/\/gdm.sosthe.sk\/~abrada\/wp-json\/wp\/v2\/comments?post=141"}],"version-history":[{"count":1,"href":"https:\/\/gdm.sosthe.sk\/~abrada\/wp-json\/wp\/v2\/pages\/141\/revisions"}],"predecessor-version":[{"id":142,"href":"https:\/\/gdm.sosthe.sk\/~abrada\/wp-json\/wp\/v2\/pages\/141\/revisions\/142"}],"wp:attachment":[{"href":"https:\/\/gdm.sosthe.sk\/~abrada\/wp-json\/wp\/v2\/media?parent=141"}],"curies":[{"name":"wp","href":"https:\/\/api.w.org\/{rel}","templated":true}]}}