{"id":85,"date":"2024-10-07T09:55:15","date_gmt":"2024-10-07T07:55:15","guid":{"rendered":"https:\/\/gdm.sosthe.sk\/~abrada\/?page_id=85"},"modified":"2024-10-07T09:55:49","modified_gmt":"2024-10-07T07:55:49","slug":"prehravanie-videa-v-html","status":"publish","type":"page","link":"https:\/\/gdm.sosthe.sk\/~abrada\/prehravanie-videa-v-html\/","title":{"rendered":"Prehr\u00e1vanie videa v html"},"content":{"rendered":"<h3><strong>\u00daloha:\u00a0Vytvorte HTML dokument s n\u00e1zvom\u00a0<em>video.html<\/em>, ktor\u00fd umo\u017en\u00ed prehr\u00e1vanie videosekvencie vo vami zvolenom form\u00e1te priamo na va\u0161ich webstr\u00e1nkach. Prehr\u00e1vanie videa mus\u00ed umo\u017e\u0148ova\u0165 op\u00e4tovn\u00e9 spustenie a ovl\u00e1danie hlasitosti.<\/strong><\/h3>\n<p><a href=\"https:\/\/gdm.sosthe.sk\/~abrada\/wp-content\/uploads\/2024\/10\/video_video.html\">odkaz<\/a><\/p>\n","protected":false},"excerpt":{"rendered":"<p>\u00daloha:\u00a0Vytvorte HTML dokument s n\u00e1zvom\u00a0video.html, ktor\u00fd umo\u017en\u00ed prehr\u00e1vanie videosekvencie vo vami zvolenom form\u00e1te priamo na va\u0161ich webstr\u00e1nkach. Prehr\u00e1vanie videa mus\u00ed umo\u017e\u0148ova\u0165 op\u00e4tovn\u00e9 spustenie a ovl\u00e1danie hlasitosti. odkaz<\/p>\n","protected":false},"author":1,"featured_media":0,"parent":0,"menu_order":0,"comment_status":"closed","ping_status":"closed","template":"","meta":{"footnotes":""},"class_list":["post-85","page","type-page","status-publish","hentry"],"_links":{"self":[{"href":"https:\/\/gdm.sosthe.sk\/~abrada\/wp-json\/wp\/v2\/pages\/85","targetHints":{"allow":["GET"]}}],"collection":[{"href":"https:\/\/gdm.sosthe.sk\/~abrada\/wp-json\/wp\/v2\/pages"}],"about":[{"href":"https:\/\/gdm.sosthe.sk\/~abrada\/wp-json\/wp\/v2\/types\/page"}],"author":[{"embeddable":true,"href":"https:\/\/gdm.sosthe.sk\/~abrada\/wp-json\/wp\/v2\/users\/1"}],"replies":[{"embeddable":true,"href":"https:\/\/gdm.sosthe.sk\/~abrada\/wp-json\/wp\/v2\/comments?post=85"}],"version-history":[{"count":2,"href":"https:\/\/gdm.sosthe.sk\/~abrada\/wp-json\/wp\/v2\/pages\/85\/revisions"}],"predecessor-version":[{"id":89,"href":"https:\/\/gdm.sosthe.sk\/~abrada\/wp-json\/wp\/v2\/pages\/85\/revisions\/89"}],"wp:attachment":[{"href":"https:\/\/gdm.sosthe.sk\/~abrada\/wp-json\/wp\/v2\/media?parent=85"}],"curies":[{"name":"wp","href":"https:\/\/api.w.org\/{rel}","templated":true}]}}