{"id":110,"date":"2025-05-19T09:22:02","date_gmt":"2025-05-19T07:22:02","guid":{"rendered":"https:\/\/gdm.sosthe.sk\/~mgajdos\/?page_id=110"},"modified":"2025-05-19T09:22:02","modified_gmt":"2025-05-19T07:22:02","slug":"praca-s-mysql-databazami-i","status":"publish","type":"page","link":"https:\/\/gdm.sosthe.sk\/~mgajdos\/praca-s-mysql-databazami-i\/","title":{"rendered":"Pr\u00e1ca s MySQL datab\u00e1zami I."},"content":{"rendered":"<h3>\u00daloha: Vysk\u00fa\u0161ajte skripty pomocou ktor\u00fdch pripoj\u00edte datab\u00e1zov\u00fd server, vytvor\u00edte nov\u00fa datab\u00e1zu a pripoj\u00edte nov\u00fa datab\u00e1zu. Skripty bud\u00fa ulo\u017een\u00e9 v s\u00faboroch s n\u00e1zvom: pripoj_server.php, vytvor_db.php a pripoj_db.php.<\/h3>\n<h3>Podmienky: Vytvoren\u00e9 s\u00fabory so skriptami umiestnite na svoj blog v polo\u017eke PHP \u201eZadanie \u010d.16 Pr\u00e1ca s MySQL datab\u00e1zami I.\u201c<\/h3>\n<p><a href=\"https:\/\/gdm.sosthe.sk\/~mgajdos\/zadania\/pripoj_server.php\">odkaz<\/a><\/p>\n<p><a href=\"https:\/\/gdm.sosthe.sk\/~mgajdos\/zadania\/vytvor_db.php\">odkaz<\/a><\/p>\n<p><a href=\"https:\/\/gdm.sosthe.sk\/~mgajdos\/zadania\/pripoj_db.php\">odkaz<\/a><\/p>\n","protected":false},"excerpt":{"rendered":"<p>\u00daloha: Vysk\u00fa\u0161ajte skripty pomocou ktor\u00fdch pripoj\u00edte datab\u00e1zov\u00fd server, vytvor\u00edte nov\u00fa datab\u00e1zu a pripoj\u00edte nov\u00fa datab\u00e1zu. Skripty bud\u00fa ulo\u017een\u00e9 v s\u00faboroch s n\u00e1zvom: pripoj_server.php, vytvor_db.php a pripoj_db.php. Podmienky: Vytvoren\u00e9 s\u00fabory so skriptami umiestnite na svoj blog v polo\u017eke PHP \u201eZadanie \u010d.16 Pr\u00e1ca s MySQL datab\u00e1zami I.\u201c odkaz odkaz odkaz<\/p>\n","protected":false},"author":1,"featured_media":0,"parent":0,"menu_order":0,"comment_status":"closed","ping_status":"closed","template":"","meta":{"footnotes":""},"_links":{"self":[{"href":"https:\/\/gdm.sosthe.sk\/~mgajdos\/wp-json\/wp\/v2\/pages\/110"}],"collection":[{"href":"https:\/\/gdm.sosthe.sk\/~mgajdos\/wp-json\/wp\/v2\/pages"}],"about":[{"href":"https:\/\/gdm.sosthe.sk\/~mgajdos\/wp-json\/wp\/v2\/types\/page"}],"author":[{"embeddable":true,"href":"https:\/\/gdm.sosthe.sk\/~mgajdos\/wp-json\/wp\/v2\/users\/1"}],"replies":[{"embeddable":true,"href":"https:\/\/gdm.sosthe.sk\/~mgajdos\/wp-json\/wp\/v2\/comments?post=110"}],"version-history":[{"count":1,"href":"https:\/\/gdm.sosthe.sk\/~mgajdos\/wp-json\/wp\/v2\/pages\/110\/revisions"}],"predecessor-version":[{"id":111,"href":"https:\/\/gdm.sosthe.sk\/~mgajdos\/wp-json\/wp\/v2\/pages\/110\/revisions\/111"}],"wp:attachment":[{"href":"https:\/\/gdm.sosthe.sk\/~mgajdos\/wp-json\/wp\/v2\/media?parent=110"}],"curies":[{"name":"wp","href":"https:\/\/api.w.org\/{rel}","templated":true}]}}