{"id":156,"date":"2024-05-13T10:29:38","date_gmt":"2024-05-13T08:29:38","guid":{"rendered":"https:\/\/gdm.sosthe.sk\/~srakarova\/?page_id=156"},"modified":"2024-05-13T11:07:18","modified_gmt":"2024-05-13T09:07:18","slug":"zadanie-c-18-pristup-pomocou-hesla","status":"publish","type":"page","link":"https:\/\/gdm.sosthe.sk\/~srakarova\/index.php\/zadanie-c-18-pristup-pomocou-hesla\/","title":{"rendered":"Zadanie \u010d.18 Pr\u00edstup pomocou hesla."},"content":{"rendered":"<p>Cvi\u010denie \u010d.18 \u2013 Pr\u00edstup na str\u00e1nku s prihl\u00e1sen\u00edm<\/p>\n<div class=\"entry-content\">\n<p>T\u00e9ma: Pr\u00edstup na webov\u00fa str\u00e1nku po prihl\u00e1sen\u00ed.<\/p>\n<p>\u00daloha: Vytvorte prihlasovac\u00ed formul\u00e1r na prihl\u00e1senie k webovej str\u00e1nke pomocou prihlasovacieho mena a hesla. Po zadan\u00ed spr\u00e1vnych prihlasovac\u00edch \u00fadajov sa spust\u00ed chr\u00e1nen\u00e1 str\u00e1nka. S\u00fabor s formul\u00e1rom sa bude naz\u00fdva\u0165 prihlas.html, s\u00fabor s php skriptom na kontrolu prihlasovac\u00edch \u00fadajov bude stranka.php.<\/p>\n<p>Podmienky: Vytvoren\u00e9 s\u00fabory umiestnite na svoj blog v polo\u017eke PHP \u201eZadanie \u010d.18 Pr\u00edstup pomocou hesla.\u201c<\/p>\n<p><a href=\"https:\/\/gdm.sosthe.sk\/~srakarova\/rakarova\/stranka.php\">odkaz.<\/a><\/p>\n<p><a href=\"https:\/\/gdm.sosthe.sk\/~srakarova\/rakarova\/prihlas.html\">odkaz.<\/a><\/p>\n<\/div>\n","protected":false},"excerpt":{"rendered":"<p>Cvi\u010denie \u010d.18 \u2013 Pr\u00edstup na str\u00e1nku s prihl\u00e1sen\u00edm T\u00e9ma: Pr\u00edstup na webov\u00fa str\u00e1nku po prihl\u00e1sen\u00ed. \u00daloha: Vytvorte prihlasovac\u00ed formul\u00e1r na prihl\u00e1senie k webovej str\u00e1nke pomocou prihlasovacieho mena a hesla. Po zadan\u00ed spr\u00e1vnych prihlasovac\u00edch \u00fadajov sa spust\u00ed chr\u00e1nen\u00e1 str\u00e1nka. S\u00fabor s formul\u00e1rom sa bude naz\u00fdva\u0165 prihlas.html, s\u00fabor s php skriptom na kontrolu prihlasovac\u00edch \u00fadajov bude stranka.php. [&hellip;]<\/p>\n","protected":false},"author":1,"featured_media":0,"parent":0,"menu_order":0,"comment_status":"closed","ping_status":"closed","template":"","meta":{"footnotes":""},"_links":{"self":[{"href":"https:\/\/gdm.sosthe.sk\/~srakarova\/index.php\/wp-json\/wp\/v2\/pages\/156"}],"collection":[{"href":"https:\/\/gdm.sosthe.sk\/~srakarova\/index.php\/wp-json\/wp\/v2\/pages"}],"about":[{"href":"https:\/\/gdm.sosthe.sk\/~srakarova\/index.php\/wp-json\/wp\/v2\/types\/page"}],"author":[{"embeddable":true,"href":"https:\/\/gdm.sosthe.sk\/~srakarova\/index.php\/wp-json\/wp\/v2\/users\/1"}],"replies":[{"embeddable":true,"href":"https:\/\/gdm.sosthe.sk\/~srakarova\/index.php\/wp-json\/wp\/v2\/comments?post=156"}],"version-history":[{"count":3,"href":"https:\/\/gdm.sosthe.sk\/~srakarova\/index.php\/wp-json\/wp\/v2\/pages\/156\/revisions"}],"predecessor-version":[{"id":160,"href":"https:\/\/gdm.sosthe.sk\/~srakarova\/index.php\/wp-json\/wp\/v2\/pages\/156\/revisions\/160"}],"wp:attachment":[{"href":"https:\/\/gdm.sosthe.sk\/~srakarova\/index.php\/wp-json\/wp\/v2\/media?parent=156"}],"curies":[{"name":"wp","href":"https:\/\/api.w.org\/{rel}","templated":true}]}}