{"id":82,"date":"2023-12-04T09:49:08","date_gmt":"2023-12-04T08:49:08","guid":{"rendered":"https:\/\/gdm.sosthe.sk\/~srakarova\/?page_id=82"},"modified":"2024-01-15T10:56:01","modified_gmt":"2024-01-15T09:56:01","slug":"zadanie-c-8-datum-a-cas-s-plnym-znenim-ulohy-a-odkazom-na-subor-time-php","status":"publish","type":"page","link":"https:\/\/gdm.sosthe.sk\/~srakarova\/index.php\/zadanie-c-8-datum-a-cas-s-plnym-znenim-ulohy-a-odkazom-na-subor-time-php\/","title":{"rendered":"Zadanie \u010d.8 D\u00e1tum a \u010das\u201c s\u00a0pln\u00fdm znen\u00edm \u00falohy a\u00a0odkazom na s\u00fabor\u00a0time.php"},"content":{"rendered":"<h5>Cvi\u010denie \u010d.8 \u2013 Pr\u00e1ca s d\u00e1tumom a \u010dasom<\/h5>\n<div class=\"entry-content\">\n<h5>T\u00e9ma:\u00a0Pr\u00e1ca s\u00a0d\u00e1tumom a\u00a0\u010dasom v PHP<\/h5>\n<h5>\u00daloha:\u00a0Vytvorte webov\u00fa str\u00e1nku s n\u00e1zvom\u00a0<em>time.php<\/em>, ktor\u00e1 bude obsahova\u0165 PHP skript pomocou ktor\u00e9ho sa na str\u00e1nke zobraz\u00ed aktu\u00e1lny \u010das, n\u00e1zov d\u0148a v t\u00fd\u017edni a aktu\u00e1lny d\u00e1tum v slovenskom z\u00e1pise.<\/h5>\n<h5>Podmienky:\u00a0Vytvoren\u00fd dokument umiestnite na svoj blog v\u00a0polo\u017eke PHP ako \u201eZadanie \u010d.8 D\u00e1tum a \u010das\u201c s\u00a0pln\u00fdm znen\u00edm \u00falohy a\u00a0odkazom na s\u00fabor\u00a0<em>time.php<\/em><\/h5>\n<p><a href=\"https:\/\/gdm.sosthe.sk\/~srakarova\/3.a\/php\/time.php\">odkaz.<\/a><\/p>\n<\/div>\n","protected":false},"excerpt":{"rendered":"<p>Cvi\u010denie \u010d.8 \u2013 Pr\u00e1ca s d\u00e1tumom a \u010dasom T\u00e9ma:\u00a0Pr\u00e1ca s\u00a0d\u00e1tumom a\u00a0\u010dasom v PHP \u00daloha:\u00a0Vytvorte webov\u00fa str\u00e1nku s n\u00e1zvom\u00a0time.php, ktor\u00e1 bude obsahova\u0165 PHP skript pomocou ktor\u00e9ho sa na str\u00e1nke zobraz\u00ed aktu\u00e1lny \u010das, n\u00e1zov d\u0148a v t\u00fd\u017edni a aktu\u00e1lny d\u00e1tum v slovenskom z\u00e1pise. Podmienky:\u00a0Vytvoren\u00fd dokument umiestnite na svoj blog v\u00a0polo\u017eke PHP ako \u201eZadanie \u010d.8 D\u00e1tum a \u010das\u201c [&hellip;]<\/p>\n","protected":false},"author":1,"featured_media":0,"parent":0,"menu_order":0,"comment_status":"closed","ping_status":"closed","template":"","meta":{"footnotes":""},"_links":{"self":[{"href":"https:\/\/gdm.sosthe.sk\/~srakarova\/index.php\/wp-json\/wp\/v2\/pages\/82"}],"collection":[{"href":"https:\/\/gdm.sosthe.sk\/~srakarova\/index.php\/wp-json\/wp\/v2\/pages"}],"about":[{"href":"https:\/\/gdm.sosthe.sk\/~srakarova\/index.php\/wp-json\/wp\/v2\/types\/page"}],"author":[{"embeddable":true,"href":"https:\/\/gdm.sosthe.sk\/~srakarova\/index.php\/wp-json\/wp\/v2\/users\/1"}],"replies":[{"embeddable":true,"href":"https:\/\/gdm.sosthe.sk\/~srakarova\/index.php\/wp-json\/wp\/v2\/comments?post=82"}],"version-history":[{"count":10,"href":"https:\/\/gdm.sosthe.sk\/~srakarova\/index.php\/wp-json\/wp\/v2\/pages\/82\/revisions"}],"predecessor-version":[{"id":109,"href":"https:\/\/gdm.sosthe.sk\/~srakarova\/index.php\/wp-json\/wp\/v2\/pages\/82\/revisions\/109"}],"wp:attachment":[{"href":"https:\/\/gdm.sosthe.sk\/~srakarova\/index.php\/wp-json\/wp\/v2\/media?parent=82"}],"curies":[{"name":"wp","href":"https:\/\/api.w.org\/{rel}","templated":true}]}}